 -3*p - b. What is the remainder when k is divided by 14?
12
Let x = -37 - -42. Suppose x*f + 340 = 1005. What is the remainder when f is divided by 15?
13
Let a(u) = 2*u**2 + 4*u + 4. Calculate the remainder when 33 is divided by a(0).
1
Suppose a - 166 = -5*y, 0 = 5*y + 5*a - 185 + 15. Calculate the remainder when (3 - -127)/(-4 + 5) is divided by y.
31
Suppose -5 - 3 = 4*g, 0 = y + 4*g - 4. Let b(h) = 8*h**2 + 10*h**2 - 6 - h**3 - 6*h**2 + 3*h. Calculate the remainder when b(y) is divided by 8.
6
Let t(c) = -5*c - 10. Let p(s) be the first derivative of -s**2/2 + 4. Let j be p(7). What is the remainder when t(j) is divided by 7?
4
Let m be (-1)/2 + 34/4. Suppose 0 = -5*g - 5*h - 0*h + 165, -5*h = -4*g + 123. Suppose m = -j + g. What is the remainder when 47 is divided by j?
23
Suppose 0 = 5*o - o + 60. Let t(k) = -4*k - 8. Let h(f) = -f + 1. Let p(d) = -3*h(d) + t(d). Calculate the remainder when 9 is divided by p(o).
1
Calculate the remainder when 26 is divided by 15*5/15 + (2 - -1).
2
Let z(w) = w**2 + 43*w + 302. Calculate the remainder when 74 is divided by z(-35).
8
Let j(p) be the first derivative of -p**4/2 - 2*p**3 + 3*p**2/2 - 9*p + 2. What is the remainder when j(-5) is divided by 26?
24
Let n = 15 - 10. Suppose -2*j - 4 = -4*r - 3*j, -n*j = 0. Suppose r - 34 = -3*d. What is the remainder when 20 is divided by d?
9
Suppose 2*p - 3*d - 46 = -4*d, -4*p + 120 = -5*d. What is the remainder when p is divided by 6?
1
Let o be ((-3)/(-3))/(-1)*-6. Suppose -4*i + 180 = o*i. Calculate the remainder when 49 is divided by i.
13
Let s = 444 + -420. What is the remainder when 62 is divided by s?
14
Let k(x) = -x**3 - x**2 - 2*x - 19. What is the remainder when 91 is divided by k(-3)?
1
Let q(g) = -g + 2*g - 5 + 5 + 7. Let s be q(-3). What is the remainder when 33 is divided by (s/6)/((-36)/(-378))?
5
Suppose -3*l + 1 + 1 = -d, 0 = d + 3*l - 16. Let v(z) = -z**2 + 11*z + 5. What is the remainder when 64 is divided by v(d)?
31
Let f(o) = o**2 + 9*o + 3. Let d be f(-9). Let g = -12 - d. Let v = g + 21. What is the remainder when 22 is divided by v?
4
Calculate the remainder when 4 + -2 - (-32 - 1) is divided by 3/(-18) + 73/6.
11
Suppose 0 = 5*a - 0*a - 375. Let j(w) = w**3 - 2*w**2 - 12*w + 16. Let x(l) = -l. Let m(h) = j(h) + x(h). What is the remainder when a is divided by m(5)?
23
Suppose z + 20 = 4*t, z = 4*z - 3*t + 15. Let y be (z + 3 - 4) + -28. Let s = -23 - y. Calculate the remainder when 14 is divided by s.
2
Suppose r + 10 = 3*r. Suppose 4*h + 6 = 2*x, -r*h - x + 6 = -4. What is the remainder when 78 is divided by (h - 21)/(0 + -1)?
18
Suppose 0 = 5*v + 3*z - 31, -v = 2*z - z - 7. Suppose v*a - 131 + 41 = 0. What is the remainder when 89 is divided by a?
17
Let u be 5/(-10)*7*-8. Suppose -n + u = -49. What is the remainder when n is divided by 26?
25
Suppose -4*m + 12 = 2*i, -m = 3 - 2. Let f be 93*i/12 + 3. Let g = 14 + f. What is the remainder when g is divided by 27?
25
Let q(o) = -o**2 - 14*o + 15. Let v be q(-14). Suppose 3*g = 4*d - v, 3*d + g = -3*g + 30. Calculate the remainder when d is divided by 4.
2
Suppose -6*r - 10 = -11*r. Let w(t) = -t**2 + 13*t + 11. Let f be w(13). Let b = -9 + f. What is the remainder when r is divided by b?
0
Let v = -237 - -263. What is the remainder when 89 is divided by v?
11
Let f be (-28)/(-6) - (-2)/(-3). Suppose 13*s - f*s - 666 = 0. Calculate the remainder when s is divided by 25.
24
Let g = 229 - 215. What is the remainder when 63 is divided by g?
7
Suppose -2*u - 48 = 4*d - 2*d, -60 = 3*d - 3*u. Let o be 2/(d/(-6) - 3). What is the remainder when 109 is divided by 3 + (26 - 4) + o?
25
Let m(l) = 18*l - 3. Let i = -2876 - -2904. What is the remainder when m(4) is divided by i?
13
Let z = 20 + -11. Let a = -12 + 16. Suppose 4*u - r - a*r = 101, 3*u + 2*r = 70. What is the remainder when u is divided by z?
6
Let p(m) = 4*m**2 + 9*m + 12. Let t(c) = -c**2 - 2*c - 3. Let x(v) = -4*p(v) - 18*t(v). What is the remainder when 44 is divided by x(-3)?
20
Let z(k) = -k**3 + 4*k**2 + 2*k + 5. Let y(l) = -l**3 + l**2 + 2*l - 3. Let f be y(3). What is the remainder when f/10*70/(-3) is divided by z(4)?
9
Let v be (1 + 1 - 0)*(-2 + 4). Suppose v*a + 32 - 96 = 0. What is the remainder when 40 is divided by a?
8
Suppose 65 + 100 = 5*q. Suppose -3*j - 21 = -u - 2*u, 0 = 5*j. What is the remainder when q is divided by u?
5
Let n(m) = 7*m**3 + 14*m - 28. Calculate the remainder when n(5) is divided by 34.
33
Let h = 364 + -178. Suppose 0 = a + 3*p - h, -a + 6*a + 2*p = 943. Calculate the remainder when a is divided by 32.
29
Let u = 262 - 177. Calculate the remainder when 248 is divided by u.
78
Let t = -1458 + 1489. Calculate the remainder when 804 is divided by t.
29
Suppose -4*i - 2 + 38 = 0. Let z(y) = y**3 - 11*y**2 + 19*y - 1. What is the remainder when 29 is divided by z(i)?
5
Let j = -57 - -83. Suppose 0*x = 11*x - 99. What is the remainder when j is divided by x?
8
Suppose 26*s - 24 = 18*s. Suppose s*g + 2*y = 49, 3*y = -y - 16. What is the remainder when 34 is divided by g?
15
Suppose 0 = -g + 84 + 95. Calculate the remainder when g is divided by 14.
11
Let h be (-10)/4*(-2 + 4). Let m(r) = -r**3 - 2*r**2 + 5*r - 1. Suppose -4*q + 0*q = -4*b + 100, -q + 27 = b. What is the remainder when m(h) is divided by b?
23
Let v = 3 + 7. Let l(o) = 3*o**2 - 7*o + 2. Let a be l(2). Suppose -3*t + 15 = a, 0 = -0*w - 5*w + 2*t + 180. Calculate the remainder when w is divided by v.
8
Let l be -3 - (42/(-8) - 11/(-44)). Suppose -2*h + 4 = -0, 4*g - 320 = -l*h. Calculate the remainder when g is divided by 27.
25
Suppose 28*g - 21*g - 77 = 0. Let z(d) = d**3 - 5*d**2 + d + 7. Let v be z(6). Let k = v + -29. Calculate the remainder when k is divided by g.
9
Let j = -63 + 65. Suppose -3*g = j*a - 1 - 0, 0 = -5*a - g + 22. Let x(u) = -u**2 - 8*u + 3. Calculate the remainder when x(-7) is divided by a.
0
Let x = 17 - 9. Suppose 32 = 6*i - 5*i. Let n = -11 + i. Calculate the remainder when n is divided by x.
5
Let r = -61 - -89. Let i = r - -23. Let c = 70 + -43. Calculate the remainder when i is divided by c.
24
Let f = -1934 + 1980. Let n = -12 + 146. Calculate the remainder when n is divided by f.
42
Suppose 2*r + 5*p - 19 = 8*p, -5*p = 3*r. Calculate the remainder when 69 is divided by r.
4
Let l = 548 + -309. Calculate the remainder when l is divided by 16.
15
Let w = 166 + -35. Calculate the remainder when w is divided by 35.
26
Let v = 460 - -737. What is the remainder when v is divided by 80?
77
Suppose -9*l = -11*l - 4*u + 588, -1151 = -4*l - 3*u. What is the remainder when l is divided by 18?
14
Let b = 9 + 3. Suppose -u = -2*q - b + 4, -4*q = 5*u - 12. Suppose -35 = -5*n - 6*d + 2*d, 0 = 3*n - d - 38. Calculate the remainder when n is divided by u.
3
Let q = 14 - 6. Suppose -3*n = -q*n - 690. What is the remainder when 2/((-3)/n + 0) is divided by 31?
30
Let t be 9/(-6) + (-2)/(-4). Let v(f) = 48*f**3 + f**2 - f + 1. Calculate the remainder when v(1) is divided by (52/(-8))/(t/2).
10
Let r be 2/(-6) - 8/(-24). Suppose -92*i + 94*i - 116 = r. Calculate the remainder when i is divided by 12.
10
Suppose 2*a = 10*v - 11*v + 51, -4*a = 4*v - 92. What is the remainder when 104 is divided by a?
20
Let i(l) = 43*l - 9. Let z be i(-3). Let p = z - -197. What is the remainder when p is divided by ((-30)/9)/((-5)/30)?
19
Let q(i) = 16*i**3 - i + 1. Let f be q(1). Let s = 16 - f. Suppose s = z - 0*z - 20. What is the remainder when 79 is divided by z?
19
Let l(r) = 22*r**3 + r**2 + r + 1. Let t be l(-1). Let p = 2 - t. Calculate the remainder when 91 is divided by p.
22
Suppose 0 = -66*h + 64*h + 110. Calculate the remainder when h is divided by 23.
9
Let b(c) be the first derivative of c**2/2 + c - 7. Let z(f) = 4*f - 2. Let a(u) = 3*b(u) - z(u). What is the remainder when 16 is divided by a(-5)?
6
Suppose -7*m + 10*m - 45 = 0. Let y = m - 14. Suppose 5*x - 3*l = 10, -4*l = -x + 4 - 2. Calculate the remainder when x is divided by y.
0
Let x = 1277 + -1262. What is the remainder when 32 is divided by x?
2
Suppose 2*p = -0*p - 232. Let z(i) = -71*i - 2. Let c be z(1). Let b = c - p. What is the remainder when b is divided by 12?
7
Suppose 31*m = 29*m + 10. What is the remainder when m is divided by 4?
1
Let q(z) = z**